{"id":49,"date":"2025-01-23T21:36:08","date_gmt":"2025-01-24T03:36:08","guid":{"rendered":"https:\/\/hcamexico.com\/?page_id=49"},"modified":"2025-04-09T12:23:37","modified_gmt":"2025-04-09T18:23:37","slug":"simreve","status":"publish","type":"page","link":"https:\/\/hcamexico.com\/index.php\/simreve\/","title":{"rendered":"SIM &#8211; REVE"},"content":{"rendered":"<h2>SIM-REVE<\/h2>\n<h4>Innovaci\u00f3n y Seguridad Vehicular en Tiempo Real<\/h4>\n<p>La herramienta definitiva para el monitoreo y detecci\u00f3n vehicular con tecnolog\u00eda de punta RFID y LPR conectada al REPUVE<\/p>\n<p>\t\t\t\t\t<a href=\"#\"><br \/>\n\t\t\t\t\t\t\t\t\tSolicita una demostraci\u00f3n gratuita<br \/>\n\t\t\t\t\t<\/a><br \/>\n\t\t\t\t\t<a href=\"#\"><br \/>\n\t\t\t\t\t\t\t\t\tCont\u00e1ctanos ahora<br \/>\n\t\t\t\t\t<\/a><\/p>\n<h5>\u00bfC\u00f3mo funciona?<\/h5>\n<ol>\n<li>\n<p>Veh\u00edculos pasan por los arcos lectores o patrullas inteligentes.<\/p>\n<\/li>\n<li>\n<p>Se obtienen lecturas mediante RFID\/LPR.<\/p>\n<\/li>\n<li>\n<p>Los datos se comparan con bases nacionales y listas negras.<\/p>\n<\/li>\n<li>\n<p>Se generan alertas en tiempo real para el C4\/C5.<\/p>\n<\/li>\n<\/ol>\n<h6>Caracter\u00edsticas del sistema<\/h6>\n<ul>\n<li>Lecturas de alta velocidad (+200 km\/h).<\/li>\n<li>C\u00e1maras con visi\u00f3n nocturna de largo alcance (hasta 100 m).<\/li>\n<li>Integraci\u00f3n con sistemas estatales y nacionales.<\/li>\n<li>Operativos m\u00f3viles con dispositivos port\u00e1tiles.<\/li>\n<\/ul>\n<h6>Servicios<\/h6>\n<ul>\n<li>Instalaci\u00f3n de centros REPUVE fijos y m\u00f3viles.<\/li>\n<li>Desarrollo de software especializado.<\/li>\n<li>Capacitaci\u00f3n a personal t\u00e9cnico.<\/li>\n<li>Soporte t\u00e9cnico 24\/7.<\/li>\n<\/ul>\n<p>\t\t\t\t\t<a href=\"#\"><br \/>\n\t\t\t\t\t\t\t\t\tSolicita m\u00e1s informaci\u00f3n<br \/>\n\t\t\t\t\t<\/a><br \/>\n\t\t\t\t\t<a href=\"#\"><br \/>\n\t\t\t\t\t\t\t\t\tHabla con un experto<br \/>\n\t\t\t\t\t<\/a><br \/>\n\t\t<div style=\"width: 640px;\" class=\"wp-video\"><video class=\"wp-video-shortcode\" id=\"video-49-1\" width=\"640\" height=\"360\" preload=\"metadata\" controls=\"controls\"><source type=\"video\/mp4\" src=\"https:\/\/hcamexico.com\/videos\/simrepuve.mp4?_=1#t=3https:\/\/hcamexico.com\/videos\/lectura_tarjetas.mp4\" \/><a href=\"https:\/\/hcamexico.com\/videos\/simrepuve.mp4#t=3https:\/\/hcamexico.com\/videos\/lectura_tarjetas.mp4\">https:\/\/hcamexico.com\/videos\/simrepuve.mp4#t=3https:\/\/hcamexico.com\/videos\/lectura_tarjetas.mp4<\/a><\/video><\/div>\t\t<\/p>\n<figure class='gallery-item'>\n\t\t\t\t<a data-elementor-open-lightbox=\"yes\" data-elementor-lightbox-slideshow=\"6f7f98a\" data-elementor-lightbox-title=\"WhatsApp Image 2025-01-22 at 21.37.377\" data-e-action-hash=\"#elementor-action%3Aaction%3Dlightbox%26settings%3DeyJpZCI6NjMsInVybCI6Imh0dHBzOlwvXC9oY2FtZXhpY28uY29tXC93cC1jb250ZW50XC91cGxvYWRzXC8yMDI1XC8wMVwvV2hhdHNBcHAtSW1hZ2UtMjAyNS0wMS0yMi1hdC0yMS4zNy4zNzcuanBlZyIsInNsaWRlc2hvdyI6IjZmN2Y5OGEifQ%3D%3D\" href='https:\/\/hcamexico.com\/wp-content\/uploads\/2025\/01\/WhatsApp-Image-2025-01-22-at-21.37.377.jpeg'><img loading=\"lazy\" width=\"150\" height=\"150\" src=\"https:\/\/hcamexico.com\/wp-content\/uploads\/2025\/01\/WhatsApp-Image-2025-01-22-at-21.37.377-150x150.jpeg\" alt=\"\" decoding=\"async\" \/><\/a><br \/>\n\t\t\t<\/figure>\n<figure class='gallery-item'>\n\t\t\t\t<a data-elementor-open-lightbox=\"yes\" data-elementor-lightbox-slideshow=\"6f7f98a\" data-elementor-lightbox-title=\"WhatsApp Image 2025-01-22 at 21.40.47\" data-e-action-hash=\"#elementor-action%3Aaction%3Dlightbox%26settings%3DeyJpZCI6NjIsInVybCI6Imh0dHBzOlwvXC9oY2FtZXhpY28uY29tXC93cC1jb250ZW50XC91cGxvYWRzXC8yMDI1XC8wMVwvV2hhdHNBcHAtSW1hZ2UtMjAyNS0wMS0yMi1hdC0yMS40MC40Ny5qcGVnIiwic2xpZGVzaG93IjoiNmY3Zjk4YSJ9\" href='https:\/\/hcamexico.com\/wp-content\/uploads\/2025\/01\/WhatsApp-Image-2025-01-22-at-21.40.47.jpeg'><img loading=\"lazy\" width=\"150\" height=\"150\" src=\"https:\/\/hcamexico.com\/wp-content\/uploads\/2025\/01\/WhatsApp-Image-2025-01-22-at-21.40.47-150x150.jpeg\" alt=\"\" decoding=\"async\" srcset=\"https:\/\/hcamexico.com\/wp-content\/uploads\/2025\/01\/WhatsApp-Image-2025-01-22-at-21.40.47-150x150.jpeg 150w, https:\/\/hcamexico.com\/wp-content\/uploads\/2025\/01\/WhatsApp-Image-2025-01-22-at-21.40.47-300x300.jpeg 300w, https:\/\/hcamexico.com\/wp-content\/uploads\/2025\/01\/WhatsApp-Image-2025-01-22-at-21.40.47-1024x1024.jpeg 1024w, https:\/\/hcamexico.com\/wp-content\/uploads\/2025\/01\/WhatsApp-Image-2025-01-22-at-21.40.47-768x768.jpeg 768w, https:\/\/hcamexico.com\/wp-content\/uploads\/2025\/01\/WhatsApp-Image-2025-01-22-at-21.40.47.jpeg 1280w\" sizes=\"auto, (max-width: 150px) 100vw, 150px\" \/><\/a><br \/>\n\t\t\t<\/figure>\n<figure class='gallery-item'>\n\t\t\t\t<a data-elementor-open-lightbox=\"yes\" data-elementor-lightbox-slideshow=\"6f7f98a\" data-elementor-lightbox-title=\"WhatsApp Image 2025-01-22 at 21.40.453\" data-e-action-hash=\"#elementor-action%3Aaction%3Dlightbox%26settings%3DeyJpZCI6NjEsInVybCI6Imh0dHBzOlwvXC9oY2FtZXhpY28uY29tXC93cC1jb250ZW50XC91cGxvYWRzXC8yMDI1XC8wMVwvV2hhdHNBcHAtSW1hZ2UtMjAyNS0wMS0yMi1hdC0yMS40MC40NTMuanBlZyIsInNsaWRlc2hvdyI6IjZmN2Y5OGEifQ%3D%3D\" href='https:\/\/hcamexico.com\/wp-content\/uploads\/2025\/01\/WhatsApp-Image-2025-01-22-at-21.40.453.jpeg'><img loading=\"lazy\" width=\"150\" height=\"150\" src=\"https:\/\/hcamexico.com\/wp-content\/uploads\/2025\/01\/WhatsApp-Image-2025-01-22-at-21.40.453-150x150.jpeg\" alt=\"\" decoding=\"async\" \/><\/a><br \/>\n\t\t\t<\/figure>\n<figure class='gallery-item'>\n\t\t\t\t<a data-elementor-open-lightbox=\"yes\" data-elementor-lightbox-slideshow=\"6f7f98a\" data-elementor-lightbox-title=\"WhatsApp Image 2025-01-22 at 21.40.452\" data-e-action-hash=\"#elementor-action%3Aaction%3Dlightbox%26settings%3DeyJpZCI6NjAsInVybCI6Imh0dHBzOlwvXC9oY2FtZXhpY28uY29tXC93cC1jb250ZW50XC91cGxvYWRzXC8yMDI1XC8wMVwvV2hhdHNBcHAtSW1hZ2UtMjAyNS0wMS0yMi1hdC0yMS40MC40NTIuanBlZyIsInNsaWRlc2hvdyI6IjZmN2Y5OGEifQ%3D%3D\" href='https:\/\/hcamexico.com\/wp-content\/uploads\/2025\/01\/WhatsApp-Image-2025-01-22-at-21.40.452.jpeg'><img loading=\"lazy\" width=\"150\" height=\"150\" src=\"https:\/\/hcamexico.com\/wp-content\/uploads\/2025\/01\/WhatsApp-Image-2025-01-22-at-21.40.452-150x150.jpeg\" alt=\"\" decoding=\"async\" \/><\/a><br \/>\n\t\t\t<\/figure>\n<figure class='gallery-item'>\n\t\t\t\t<a data-elementor-open-lightbox=\"yes\" data-elementor-lightbox-slideshow=\"6f7f98a\" data-elementor-lightbox-title=\"WhatsApp Image 2025-01-22 at 21.40.48\" data-e-action-hash=\"#elementor-action%3Aaction%3Dlightbox%26settings%3DeyJpZCI6NTksInVybCI6Imh0dHBzOlwvXC9oY2FtZXhpY28uY29tXC93cC1jb250ZW50XC91cGxvYWRzXC8yMDI1XC8wMVwvV2hhdHNBcHAtSW1hZ2UtMjAyNS0wMS0yMi1hdC0yMS40MC40OC5qcGVnIiwic2xpZGVzaG93IjoiNmY3Zjk4YSJ9\" href='https:\/\/hcamexico.com\/wp-content\/uploads\/2025\/01\/WhatsApp-Image-2025-01-22-at-21.40.48.jpeg'><img loading=\"lazy\" width=\"150\" height=\"150\" src=\"https:\/\/hcamexico.com\/wp-content\/uploads\/2025\/01\/WhatsApp-Image-2025-01-22-at-21.40.48-150x150.jpeg\" alt=\"\" decoding=\"async\" \/><\/a><br \/>\n\t\t\t<\/figure>\n<figure class='gallery-item'>\n\t\t\t\t<a data-elementor-open-lightbox=\"yes\" data-elementor-lightbox-slideshow=\"6f7f98a\" data-elementor-lightbox-title=\"WhatsApp Image 2025-01-22 at 21.40.515\" data-e-action-hash=\"#elementor-action%3Aaction%3Dlightbox%26settings%3DeyJpZCI6NTgsInVybCI6Imh0dHBzOlwvXC9oY2FtZXhpY28uY29tXC93cC1jb250ZW50XC91cGxvYWRzXC8yMDI1XC8wMVwvV2hhdHNBcHAtSW1hZ2UtMjAyNS0wMS0yMi1hdC0yMS40MC41MTUuanBlZyIsInNsaWRlc2hvdyI6IjZmN2Y5OGEifQ%3D%3D\" href='https:\/\/hcamexico.com\/wp-content\/uploads\/2025\/01\/WhatsApp-Image-2025-01-22-at-21.40.515.jpeg'><img loading=\"lazy\" width=\"150\" height=\"150\" src=\"https:\/\/hcamexico.com\/wp-content\/uploads\/2025\/01\/WhatsApp-Image-2025-01-22-at-21.40.515-150x150.jpeg\" alt=\"\" decoding=\"async\" \/><\/a><br \/>\n\t\t\t<\/figure>\n<figure class='gallery-item'>\n\t\t\t\t<a data-elementor-open-lightbox=\"yes\" data-elementor-lightbox-slideshow=\"6f7f98a\" data-elementor-lightbox-title=\"WhatsApp Image 2025-01-22 at 21.40.53\" data-e-action-hash=\"#elementor-action%3Aaction%3Dlightbox%26settings%3DeyJpZCI6NTcsInVybCI6Imh0dHBzOlwvXC9oY2FtZXhpY28uY29tXC93cC1jb250ZW50XC91cGxvYWRzXC8yMDI1XC8wMVwvV2hhdHNBcHAtSW1hZ2UtMjAyNS0wMS0yMi1hdC0yMS40MC41My5qcGVnIiwic2xpZGVzaG93IjoiNmY3Zjk4YSJ9\" href='https:\/\/hcamexico.com\/wp-content\/uploads\/2025\/01\/WhatsApp-Image-2025-01-22-at-21.40.53.jpeg'><img loading=\"lazy\" width=\"150\" height=\"150\" src=\"https:\/\/hcamexico.com\/wp-content\/uploads\/2025\/01\/WhatsApp-Image-2025-01-22-at-21.40.53-150x150.jpeg\" alt=\"\" decoding=\"async\" \/><\/a><br \/>\n\t\t\t<\/figure>\n<figure class='gallery-item'>\n\t\t\t\t<a data-elementor-open-lightbox=\"yes\" data-elementor-lightbox-slideshow=\"6f7f98a\" data-elementor-lightbox-title=\"WhatsApp Image 2025-01-22 at 21.42.09\" data-e-action-hash=\"#elementor-action%3Aaction%3Dlightbox%26settings%3DeyJpZCI6NTYsInVybCI6Imh0dHBzOlwvXC9oY2FtZXhpY28uY29tXC93cC1jb250ZW50XC91cGxvYWRzXC8yMDI1XC8wMVwvV2hhdHNBcHAtSW1hZ2UtMjAyNS0wMS0yMi1hdC0yMS40Mi4wOS0xLmpwZWciLCJzbGlkZXNob3ciOiI2ZjdmOThhIn0%3D\" href='https:\/\/hcamexico.com\/wp-content\/uploads\/2025\/01\/WhatsApp-Image-2025-01-22-at-21.42.09-1.jpeg'><img loading=\"lazy\" width=\"150\" height=\"150\" src=\"https:\/\/hcamexico.com\/wp-content\/uploads\/2025\/01\/WhatsApp-Image-2025-01-22-at-21.42.09-1-150x150.jpeg\" alt=\"\" decoding=\"async\" \/><\/a><br \/>\n\t\t\t<\/figure>\n<figure class='gallery-item'>\n\t\t\t\t<a data-elementor-open-lightbox=\"yes\" data-elementor-lightbox-slideshow=\"6f7f98a\" data-elementor-lightbox-title=\"WhatsApp Image 2025-01-22 at 21.40.54\" data-e-action-hash=\"#elementor-action%3Aaction%3Dlightbox%26settings%3DeyJpZCI6NTUsInVybCI6Imh0dHBzOlwvXC9oY2FtZXhpY28uY29tXC93cC1jb250ZW50XC91cGxvYWRzXC8yMDI1XC8wMVwvV2hhdHNBcHAtSW1hZ2UtMjAyNS0wMS0yMi1hdC0yMS40MC41NC5qcGVnIiwic2xpZGVzaG93IjoiNmY3Zjk4YSJ9\" href='https:\/\/hcamexico.com\/wp-content\/uploads\/2025\/01\/WhatsApp-Image-2025-01-22-at-21.40.54.jpeg'><img loading=\"lazy\" width=\"150\" height=\"150\" src=\"https:\/\/hcamexico.com\/wp-content\/uploads\/2025\/01\/WhatsApp-Image-2025-01-22-at-21.40.54-150x150.jpeg\" alt=\"\" decoding=\"async\" \/><\/a><br \/>\n\t\t\t<\/figure>\n<figure class='gallery-item'>\n\t\t\t\t<a data-elementor-open-lightbox=\"yes\" data-elementor-lightbox-slideshow=\"6f7f98a\" data-elementor-lightbox-title=\"WhatsApp Image 2025-01-22 at 21.37.375\" data-e-action-hash=\"#elementor-action%3Aaction%3Dlightbox%26settings%3DeyJpZCI6NTQsInVybCI6Imh0dHBzOlwvXC9oY2FtZXhpY28uY29tXC93cC1jb250ZW50XC91cGxvYWRzXC8yMDI1XC8wMVwvV2hhdHNBcHAtSW1hZ2UtMjAyNS0wMS0yMi1hdC0yMS4zNy4zNzUuanBlZyIsInNsaWRlc2hvdyI6IjZmN2Y5OGEifQ%3D%3D\" href='https:\/\/hcamexico.com\/wp-content\/uploads\/2025\/01\/WhatsApp-Image-2025-01-22-at-21.37.375.jpeg'><img loading=\"lazy\" width=\"150\" height=\"150\" src=\"https:\/\/hcamexico.com\/wp-content\/uploads\/2025\/01\/WhatsApp-Image-2025-01-22-at-21.37.375-150x150.jpeg\" alt=\"\" decoding=\"async\" \/><\/a><br \/>\n\t\t\t<\/figure>\n<figure class='gallery-item'>\n\t\t\t\t<a data-elementor-open-lightbox=\"yes\" data-elementor-lightbox-slideshow=\"6f7f98a\" data-elementor-lightbox-title=\"WhatsApp Image 2025-01-22 at 21.42.09\" data-e-action-hash=\"#elementor-action%3Aaction%3Dlightbox%26settings%3DeyJpZCI6NTMsInVybCI6Imh0dHBzOlwvXC9oY2FtZXhpY28uY29tXC93cC1jb250ZW50XC91cGxvYWRzXC8yMDI1XC8wMVwvV2hhdHNBcHAtSW1hZ2UtMjAyNS0wMS0yMi1hdC0yMS40Mi4wOS5qcGVnIiwic2xpZGVzaG93IjoiNmY3Zjk4YSJ9\" href='https:\/\/hcamexico.com\/wp-content\/uploads\/2025\/01\/WhatsApp-Image-2025-01-22-at-21.42.09.jpeg'><img loading=\"lazy\" width=\"150\" height=\"150\" src=\"https:\/\/hcamexico.com\/wp-content\/uploads\/2025\/01\/WhatsApp-Image-2025-01-22-at-21.42.09-150x150.jpeg\" alt=\"\" decoding=\"async\" \/><\/a><br \/>\n\t\t\t<\/figure>\n<figure class='gallery-item'>\n\t\t\t\t<a data-elementor-open-lightbox=\"yes\" data-elementor-lightbox-slideshow=\"6f7f98a\" data-elementor-lightbox-title=\"WhatsApp Image 2025-01-22 at 21.37.323\" data-e-action-hash=\"#elementor-action%3Aaction%3Dlightbox%26settings%3DeyJpZCI6NjQsInVybCI6Imh0dHBzOlwvXC9oY2FtZXhpY28uY29tXC93cC1jb250ZW50XC91cGxvYWRzXC8yMDI1XC8wMVwvV2hhdHNBcHAtSW1hZ2UtMjAyNS0wMS0yMi1hdC0yMS4zNy4zMjMuanBlZyIsInNsaWRlc2hvdyI6IjZmN2Y5OGEifQ%3D%3D\" href='https:\/\/hcamexico.com\/wp-content\/uploads\/2025\/01\/WhatsApp-Image-2025-01-22-at-21.37.323.jpeg'><img loading=\"lazy\" width=\"150\" height=\"150\" src=\"https:\/\/hcamexico.com\/wp-content\/uploads\/2025\/01\/WhatsApp-Image-2025-01-22-at-21.37.323-150x150.jpeg\" alt=\"\" decoding=\"async\" \/><\/a><br \/>\n\t\t\t<\/figure>\n<p>\t\t\t\t\t<a href=\"https:\/\/hcamexico.com\/downloads\/ProyectoIntegral_HcaSOET.pdf\" target=\"_blank\"><img decoding=\"async\" src=\"https:\/\/hcamexico.com\/wp-content\/uploads\/2025\/01\/presentacion_SIMREVE.png\" alt=\"Presentaci\u00f3n SIMREVE\" width=\"120\"> Presentaci\u00f3n de SIMREVE <\/a><br \/>\n\t\t\t\t\t<a href=\"https:\/\/hcamexico.com\/downloads\/Certificado_De_INDAUTOR_SIM-REPUVE.pdf\" target=\"_blank\"><img decoding=\"async\" src=\"https:\/\/hcamexico.com\/wp-content\/uploads\/2025\/01\/certificado_SIMREVE.png\" alt=\"Certificado SIMREVE\" width=\"120\"> Certificado de Autor<\/a>\t\t\t\t<\/p>\n<figure class='gallery-item'>\n\t\t\t\t<a data-elementor-open-lightbox=\"yes\" data-elementor-lightbox-slideshow=\"8f57ee6\" data-elementor-lightbox-title=\"WhatsApp Image 2025-01-22 at 21.37.39\" data-e-action-hash=\"#elementor-action%3Aaction%3Dlightbox%26settings%3DeyJpZCI6MTA2LCJ1cmwiOiJodHRwczpcL1wvaGNhbWV4aWNvLmNvbVwvd3AtY29udGVudFwvdXBsb2Fkc1wvMjAyNVwvMDFcL1doYXRzQXBwLUltYWdlLTIwMjUtMDEtMjItYXQtMjEuMzcuMzkuanBlZyIsInNsaWRlc2hvdyI6IjhmNTdlZTYifQ%3D%3D\" href='https:\/\/hcamexico.com\/wp-content\/uploads\/2025\/01\/WhatsApp-Image-2025-01-22-at-21.37.39.jpeg'><img loading=\"lazy\" width=\"150\" height=\"150\" src=\"https:\/\/hcamexico.com\/wp-content\/uploads\/2025\/01\/WhatsApp-Image-2025-01-22-at-21.37.39-150x150.jpeg\" alt=\"\" decoding=\"async\" \/><\/a><br \/>\n\t\t\t<\/figure>\n<figure class='gallery-item'>\n\t\t\t\t<a data-elementor-open-lightbox=\"yes\" data-elementor-lightbox-slideshow=\"8f57ee6\" data-elementor-lightbox-title=\"WhatsApp Image 2025-01-24 at 13.36.475\" data-e-action-hash=\"#elementor-action%3Aaction%3Dlightbox%26settings%3DeyJpZCI6MTA3LCJ1cmwiOiJodHRwczpcL1wvaGNhbWV4aWNvLmNvbVwvd3AtY29udGVudFwvdXBsb2Fkc1wvMjAyNVwvMDFcL1doYXRzQXBwLUltYWdlLTIwMjUtMDEtMjQtYXQtMTMuMzYuNDc1LmpwZWciLCJzbGlkZXNob3ciOiI4ZjU3ZWU2In0%3D\" href='https:\/\/hcamexico.com\/wp-content\/uploads\/2025\/01\/WhatsApp-Image-2025-01-24-at-13.36.475.jpeg'><img loading=\"lazy\" width=\"150\" height=\"150\" src=\"https:\/\/hcamexico.com\/wp-content\/uploads\/2025\/01\/WhatsApp-Image-2025-01-24-at-13.36.475-150x150.jpeg\" alt=\"\" decoding=\"async\" \/><\/a><br \/>\n\t\t\t<\/figure>\n<figure class='gallery-item'>\n\t\t\t\t<a data-elementor-open-lightbox=\"yes\" data-elementor-lightbox-slideshow=\"8f57ee6\" data-elementor-lightbox-title=\"WhatsApp Image 2025-01-24 at 13.36.474\" data-e-action-hash=\"#elementor-action%3Aaction%3Dlightbox%26settings%3DeyJpZCI6MTA4LCJ1cmwiOiJodHRwczpcL1wvaGNhbWV4aWNvLmNvbVwvd3AtY29udGVudFwvdXBsb2Fkc1wvMjAyNVwvMDFcL1doYXRzQXBwLUltYWdlLTIwMjUtMDEtMjQtYXQtMTMuMzYuNDc0LmpwZWciLCJzbGlkZXNob3ciOiI4ZjU3ZWU2In0%3D\" href='https:\/\/hcamexico.com\/wp-content\/uploads\/2025\/01\/WhatsApp-Image-2025-01-24-at-13.36.474.jpeg'><img loading=\"lazy\" width=\"150\" height=\"150\" src=\"https:\/\/hcamexico.com\/wp-content\/uploads\/2025\/01\/WhatsApp-Image-2025-01-24-at-13.36.474-150x150.jpeg\" alt=\"\" decoding=\"async\" \/><\/a><br \/>\n\t\t\t<\/figure>\n<figure class='gallery-item'>\n\t\t\t\t<a data-elementor-open-lightbox=\"yes\" data-elementor-lightbox-slideshow=\"8f57ee6\" data-elementor-lightbox-title=\"WhatsApp Image 2025-01-24 at 13.36.463\" data-e-action-hash=\"#elementor-action%3Aaction%3Dlightbox%26settings%3DeyJpZCI6MTA5LCJ1cmwiOiJodHRwczpcL1wvaGNhbWV4aWNvLmNvbVwvd3AtY29udGVudFwvdXBsb2Fkc1wvMjAyNVwvMDFcL1doYXRzQXBwLUltYWdlLTIwMjUtMDEtMjQtYXQtMTMuMzYuNDYzLmpwZWciLCJzbGlkZXNob3ciOiI4ZjU3ZWU2In0%3D\" href='https:\/\/hcamexico.com\/wp-content\/uploads\/2025\/01\/WhatsApp-Image-2025-01-24-at-13.36.463.jpeg'><img loading=\"lazy\" width=\"150\" height=\"150\" src=\"https:\/\/hcamexico.com\/wp-content\/uploads\/2025\/01\/WhatsApp-Image-2025-01-24-at-13.36.463-150x150.jpeg\" alt=\"\" decoding=\"async\" \/><\/a><br \/>\n\t\t\t<\/figure>\n<figure class='gallery-item'>\n\t\t\t\t<a data-elementor-open-lightbox=\"yes\" data-elementor-lightbox-slideshow=\"8f57ee6\" data-elementor-lightbox-title=\"WhatsApp Image 2025-01-24 at 13.36.462\" data-e-action-hash=\"#elementor-action%3Aaction%3Dlightbox%26settings%3DeyJpZCI6MTExLCJ1cmwiOiJodHRwczpcL1wvaGNhbWV4aWNvLmNvbVwvd3AtY29udGVudFwvdXBsb2Fkc1wvMjAyNVwvMDFcL1doYXRzQXBwLUltYWdlLTIwMjUtMDEtMjQtYXQtMTMuMzYuNDYyLmpwZWciLCJzbGlkZXNob3ciOiI4ZjU3ZWU2In0%3D\" href='https:\/\/hcamexico.com\/wp-content\/uploads\/2025\/01\/WhatsApp-Image-2025-01-24-at-13.36.462.jpeg'><img loading=\"lazy\" width=\"150\" height=\"150\" src=\"https:\/\/hcamexico.com\/wp-content\/uploads\/2025\/01\/WhatsApp-Image-2025-01-24-at-13.36.462-150x150.jpeg\" alt=\"\" decoding=\"async\" \/><\/a><br \/>\n\t\t\t<\/figure>\n<figure class='gallery-item'>\n\t\t\t\t<a data-elementor-open-lightbox=\"yes\" data-elementor-lightbox-slideshow=\"8f57ee6\" data-elementor-lightbox-title=\"WhatsApp Image 2025-01-24 at 13.36.46\" data-e-action-hash=\"#elementor-action%3Aaction%3Dlightbox%26settings%3DeyJpZCI6MTEyLCJ1cmwiOiJodHRwczpcL1wvaGNhbWV4aWNvLmNvbVwvd3AtY29udGVudFwvdXBsb2Fkc1wvMjAyNVwvMDFcL1doYXRzQXBwLUltYWdlLTIwMjUtMDEtMjQtYXQtMTMuMzYuNDYuanBlZyIsInNsaWRlc2hvdyI6IjhmNTdlZTYifQ%3D%3D\" href='https:\/\/hcamexico.com\/wp-content\/uploads\/2025\/01\/WhatsApp-Image-2025-01-24-at-13.36.46.jpeg'><img loading=\"lazy\" width=\"150\" height=\"150\" src=\"https:\/\/hcamexico.com\/wp-content\/uploads\/2025\/01\/WhatsApp-Image-2025-01-24-at-13.36.46-150x150.jpeg\" alt=\"\" decoding=\"async\" \/><\/a><br \/>\n\t\t\t<\/figure>\n<div style=\"width: 640px;\" class=\"wp-video\"><video class=\"wp-video-shortcode\" id=\"video-49-2\" width=\"640\" height=\"360\" preload=\"metadata\" controls=\"controls\"><source type=\"video\/mp4\" src=\"https:\/\/hcamexico.com\/videos\/presentacion_gobernador_chiapas.mp4?_=2\" \/><a href=\"https:\/\/hcamexico.com\/videos\/presentacion_gobernador_chiapas.mp4\">https:\/\/hcamexico.com\/videos\/presentacion_gobernador_chiapas.mp4<\/a><\/video><\/div>\n","protected":false},"excerpt":{"rendered":"<p>SIM-REVE Innovaci\u00f3n y Seguridad Vehicular en Tiempo Real La herramienta definitiva para el monitoreo y detecci\u00f3n vehicular con tecnolog\u00eda de punta RFID y LPR conectada al REPUVE Solicita una demostraci\u00f3n gratuita Cont\u00e1ctanos ahora \u00bfC\u00f3mo funciona? Veh\u00edculos pasan por los arcos lectores o patrullas inteligentes. Se obtienen lecturas mediante RFID\/LPR. Los datos se comparan con bases<\/p>\n<div class=\"more-link\">\n\t\t\t\t <a href=\"https:\/\/hcamexico.com\/index.php\/simreve\/\" class=\"theme-btn\"><span>Seguir leyendo<\/span><\/a>\n\t\t\t<\/div>\n","protected":false},"author":1,"featured_media":63,"parent":0,"menu_order":0,"comment_status":"closed","ping_status":"closed","template":"","meta":{"footnotes":""},"class_list":["post-49","page","type-page","status-publish","has-post-thumbnail","hentry"],"_links":{"self":[{"href":"https:\/\/hcamexico.com\/index.php\/wp-json\/wp\/v2\/pages\/49","targetHints":{"allow":["GET"]}}],"collection":[{"href":"https:\/\/hcamexico.com\/index.php\/wp-json\/wp\/v2\/pages"}],"about":[{"href":"https:\/\/hcamexico.com\/index.php\/wp-json\/wp\/v2\/types\/page"}],"author":[{"embeddable":true,"href":"https:\/\/hcamexico.com\/index.php\/wp-json\/wp\/v2\/users\/1"}],"replies":[{"embeddable":true,"href":"https:\/\/hcamexico.com\/index.php\/wp-json\/wp\/v2\/comments?post=49"}],"version-history":[{"count":33,"href":"https:\/\/hcamexico.com\/index.php\/wp-json\/wp\/v2\/pages\/49\/revisions"}],"predecessor-version":[{"id":137,"href":"https:\/\/hcamexico.com\/index.php\/wp-json\/wp\/v2\/pages\/49\/revisions\/137"}],"wp:featuredmedia":[{"embeddable":true,"href":"https:\/\/hcamexico.com\/index.php\/wp-json\/wp\/v2\/media\/63"}],"wp:attachment":[{"href":"https:\/\/hcamexico.com\/index.php\/wp-json\/wp\/v2\/media?parent=49"}],"curies":[{"name":"wp","href":"https:\/\/api.w.org\/{rel}","templated":true}]}}